*10 + -3.
10
Let b(a) = a**2 - 7*a - 5. Suppose o + 2*o - 30 = 0. Calculate the remainder when b(o) is divided by 13.
12
Suppose x - 20 = c + 3*c, c = -3*x + 21. Let o(y) = y**2 - 2*y + 3. Let l be o(2). Suppose -z = -2*z + l. What is the remainder when x is divided by z?
2
Let o(z) = 3*z + 1. Calculate the remainder when o(1) is divided by 3.
1
Let b(a) = -a**3 - 4*a**2 + 8*a + 7. Calculate the remainder when b(-7) is divided by 10.
8
Let o(v) = v**2 + v + 1. Let x(p) = 2*p. Let l be -1 - (0 + 1) - -4. Calculate the remainder when x(l) is divided by o(-2).
1
Suppose -7*l = 79 - 170. What is the remainder when (1 + (0 - -36))*1 is divided by l?
11
What is the remainder when (-6)/(-21) - 1590/(-21) is divided by 16?
12
Let w(g) = 2*g**2 + 8*g + 3. Suppose 3*p + p - 4*a = -8, 2*a - 19 = 5*p. Calculate the remainder when 23 is divided by w(p).
10
Let d(g) = -g**3 - 7*g**2 - 3*g + 8. Let i be d(-6). Let c = -11 - 8. Let l = i - c. Calculate the remainder when 17 is divided by l.
8
Suppose -6*o + 100 = -3*o + 4*j, j = 4*o - 127. What is the remainder when 63 is divided by o?
31
Suppose x + 0*x + g = 10, 54 = 5*x + 4*g. Suppose -11*k + 144 = -307. What is the remainder when k is divided by x?
13
Let s = 0 - -14. What is the remainder when 37 is divided by s?
9
Suppose 2*b + w = -0*b + 1, 5*b - 5*w - 40 = 0. What is the remainder when (-2 + 5)/((-6)/(-16)) is divided by (0 - b/(-3))*3?
2
Let x = 1 - -1. Suppose w + 29 = x*w + 3*b, 2*w - 38 = -b. Suppose -6*v + 4*v + 100 = 0. Calculate the remainder when v is divided by w.
16
Suppose k + 3*j = 2, k + 2*j - 49 = -4*k. Suppose 2*y + 3*v - 8 = 0, 0 = -2*v - 2*v. Calculate the remainder when k is divided by y.
3
Suppose 32*h - 28*h = 48. Calculate the remainder when 18 is divided by h.
6
Calculate the remainder when 142 is divided by 45*(-2 - 52/(-20)) - -2.
26
Let s = -7 - -32. Calculate the remainder when 47 is divided by s.
22
Calculate the remainder when 35 - (-2 + 12/4) is divided by 12.
10
Calculate the remainder when (-3 + 0)*968/(-33) is divided by 19.
12
Let l(x) = -3*x - 4. Suppose -g - 27 = -4*s + 2*s, 4*g - 35 = -5*s. Calculate the remainder when l(-12) is divided by s.
10
Calculate the remainder when (5 - 3)/((4/34)/2) is divided by 7.
6
Suppose -5*u + 374 = -81. Calculate the remainder when u is divided by 16.
11
Let l be -1 - 4*(-14)/(-4). Suppose -4*m + 5 = -71. Calculate the remainder when (6/l)/(1/(-140)) is divided by m.
18
Suppose 4*u - 77 = -3*k - 2*k, -2*k - 3*u + 28 = 0. Calculate the remainder when 33 is divided by k.
16
Let v(z) = -3*z**2 - 4*z - 8. Let b be v(-8). Calculate the remainder when (1/(-2))/(2/b) is divided by 11.
9
Let u = -2 - -8. Let s(v) = -v**3 + 5*v**2 + 7*v - 3. What is the remainder when 1/(-2) - (-34)/4 is divided by s(u)?
2
Suppose -3*d = -290 - 88. Let b(z) = -z + 8. Let y be b(6). What is the remainder when d/10 - y/(-5) is divided by 5?
3
Suppose 20*u - 19*u = 49. What is the remainder when u is divided by 4?
1
Suppose 3*x - 2*p = 172, 2*p = -5*x + 219 + 73. What is the remainder when x is divided by 15?
13
Suppose 4*p = 4 + 12. Suppose -4*d + 72 = p*y, 0 = -d + 2*d - 2*y - 6. Calculate the remainder when d is divided by 5.
4
Let a = -9 + 11. Suppose v = 43 - a. What is the remainder when v is divided by 14?
13
Suppose 0 = -5*j + 4*a - 3608, -2*j - 1430 = 3*a + 2*a. Calculate the remainder when 27 is divided by 4/(-14) - j/70.
7
Let y(l) = 3*l - 3. Let k be y(2). Let b be -6*(-6)/(-9)*-1. Suppose k*r - b*r + h = -31, -82 = -2*r - 3*h. What is the remainder when r is divided by 12?
11
Let t(d) = -d**2 + 16*d + 23. Calculate the remainder when 88 is divided by t(16).
19
Suppose -g - 5*d = -2*g + 25, 16 = -4*d. Suppose 2*r - 8 = -4*h, -7*r = 5*h - 2*r - 5. Let a = h - 0. Calculate the remainder when g is divided by a.
2
Let k be (-10)/4*(-59 + 1). Suppose -15 - k = -4*y. What is the remainder when y is divided by 14?
12
Let l(a) be the third derivative of -a**4/24 - 4*a**3/3 + 3*a**2. Let j be -1 + 2 + -8 + -2. What is the remainder when 1 is divided by l(j)?
0
Let k(f) = f**3 - f**2 - f + 12. Let v be k(0). Suppose w + 3 = 0, -w + 6*w = -s - v. Calculate the remainder when 11 is divided by s.
2
Let u(g) = -g**3 + 4*g**2 + 4*g - 2. What is the remainder when 111 is divided by u(-2)?
13
Suppose -5*q = 13*q - 486. Calculate the remainder when 129 is divided by q.
21
What is the remainder when 43/2*(2 + 0) is divided by 22?
21
Suppose 73 + 38 = 3*z. Calculate the remainder when z is divided by 19.
18
Suppose 2*u = -4*q + 288 - 104, -u + 127 = -5*q. What is the remainder when u is divided by 13?
11
Let w = -4 + 8. Let c = w - -15. Suppose 4*k = 2*x + 2*k - 16, 2*x + 5*k + c = 0. What is the remainder when 7 is divided by x?
1
Let m = 70 + -69. What is the remainder when 3 is divided by m?
0
Suppose -4*r + 44 = 3*z, -9 = 3*r - z - 42. What is the remainder when 41 is divided by r?
8
Suppose 0 = 5*l - 136 + 41. Let k(a) = a**3 - 5*a**2 - 5*a + 6. Let z be k(6). What is the remainder when 3/2*2*z is divided by l?
17
Suppose -2*f - 83 = -f. Let k(c) = -c - 11. Let m be k(-5). Let o = m - f. Calculate the remainder when o is divided by 20.
17
Let q(p) be the second derivative of p**5/20 - p**4/2 - p**3/6 + 4*p**2 + 2*p. Let r be q(6). What is the remainder when 43 is divided by r + -2 - -15 - 0?
13
Let q = 97 + -87. What is the remainder when q is divided by 8?
2
Let w = 5 + -3. What is the remainder when w is divided by (3/(-2) + 1)*-2?
0
Let z(b) = -b**3 + 15*b**2 - 3. Let o be z(15). Let g = o - -11. Let m(h) = 2*h - 1. Calculate the remainder when g is divided by m(3).
3
Let h = -32 + 53. Suppose -3*r + h + 45 = 0. What is the remainder when 43 is divided by r?
21
Let d = 27 + -10. Let b(t) = -t**3 - 6*t**2 - 7*t - 1. Let f be b(-5). Let i = 15 - f. What is the remainder when d is divided by i?
5
Let n(b) = 3*b**2 + 5*b - 9. What is the remainder when n(-7) is divided by 21?
19
Let y(q) = -q**3 - q**2 - 2. What is the remainder when 62 is divided by y(-3)?
14
Let d(x) be the second derivative of x**5/20 + x**4/6 + x**2 - 2*x. Suppose -4*s = s - 10. What is the remainder when d(s) is divided by 10?
8
Suppose -3*p + 2*n = 30, -3*p + 5*n - 12 - 27 = 0. Let t(z) = z**2 + z - 9. What is the remainder when t(p) is divided by 16?
15
Let y(c) = c**3 + 6*c**2 + 3*c + 1. Let a be y(-5). Suppose -2*p + 101 = -2*u + a, 2*p - 75 = 5*u. Calculate the remainder when p is divided by 13.
11
Let z(o) = o**3 - 9*o**2 - 10*o - 13. What is the remainder when z(11) is divided by 30?
29
Let v = -33 + 82. Calculate the remainder when v is divided by 18.
13
Suppose 4*z + 4*h = -56, -10 = -4*z + 4*h - 66. What is the remainder when 3/7 + (-372)/z is divided by 7?
6
Suppose 0 = 2*a - 10, 4*c = -2*a - 3*a + 117. Calculate the remainder when 31 is divided by c.
8
Let u(v) = -4*v + 8. Let l be u(-6). Suppose -l = -2*p - 2*p. What is the remainder when ((-176)/(-12))/((-2)/(-3)) is divided by p?
6
Let q(k) = -k**3 + 7*k**2 + 11*k - 4. What is the remainder when 39 is divided by q(8)?
19
Let o = 13 + 39. What is the remainder when o is divided by 27?
25
Suppose 0 = -5*v - 3*k - 0 + 93, -3*k = -5*v + 87. Suppose y = 4*y - v. What is the remainder when 16 is divided by y?
4
What is the remainder when 76 is divided by 30/8*(-48)/(-9)?
16
Suppose 26*j = s + 27*j - 13, 3*j + 41 = 5*s. Let g = -2 - -6. What is the remainder when s is divided by g?
2
Let n = 0 + 2. Suppose 0 = -n*g + 4*v - 4, -5*g + 10 = -v - 4*v. Suppose -3*s + 28 = -5. Calculate the remainder when s is divided by g.
5
Let s(v) = -v**3 - 13*v**2 - 3*v - 26. What is the remainder when s(-13) is divided by 5?
3
Suppose -2*s - 2*z + 162 = 0, 0 = 5*s + 4*z - 454 + 54. Calculate the remainder when s is divided by 26.
24
What is the remainder when (-23)/((-460)/168)*(-5)/(-1) is divided by 24?
18
Let j = -29 - -19. Let m = j - -5. Calculate the remainder when 4/(-10)*300/m is divided by 13.
11
Suppose -175 = -25*v + 18*v. Calculate the remainder when v is divided by 11.
3
Suppose -9 = 5*x + 1, 4*x + 23 = 3*c. What is the remainder when 40 is divided by (-70)/4*(-4)/c?
12
Let z = -29 - -50. Calculate the remainder when z is divided by 11.
10
Let p be (-9)/((3 - 1) + -1). Let k = p - -16. Suppose 4 = t - 5*f, -2*t = 2*t + 5*f - 91. What 